6 - (-48 - -82))?
4
What is (183 - 122) + 31 + -37?
55
What is the value of -4 + 0 + 11 + -31 + -15?
-39
Evaluate -2 - -91 - (-17 - (39 - (79 + -18))).
84
(1487 - 1445) + (1 - 21)
22
What is the value of -49 + 13 + 6 - (9 - -15)?
-54
Evaluate -332 + 275 - (-9 - -5).
-53
What is 7 - (27 - (-42 + 35 + (-2 - -22) + -10))?
-17
Evaluate -22 - (48 - 45 - 54).
29
Calculate -49 + (5 - -2) + -9 + -15 + 3.
-63
Evaluate 1 + -1 - (9 + (8 - (5 + 7))).
-5
-21 + 47 - 19 - ((-1 - 0) + 53 + 27)
-72
Calculate 105 - 0 - (127 - 42 - 99).
119
What is the value of -40 + (-30 - (10 + -38))?
-42
What is 29 + (-58 - -31) + (-4 - (5 - (1 + -127)))?
-133
Calculate (-124 + -7 - 16) + 85.
-62
25 + -32 + (-18 - (-1 + -6 + 5))
-23
What is -6 + -24 + (1870 - 1865)?
-25
What is the value of (-85 - -90) + (17 - 19 - (-35 + 0))?
38
Evaluate -6 - (-6 + 3 + -19) - (-34 - 1).
51
What is the value of 42 - (-19 + 162 + -61)?
-40
6 + -9 + -7 + -10 + (11 - 5)
-14
61 + -82 - (1 + 9 - 2 - -69)
-98
Calculate 0 + -25 - (-8 - (-1 - (8 + -9 - 4))).
-13
What is -312 - -440 - (64 + 2)?
62
Calculate (0 + -3 - 19) + (-9976 - -9907).
-91
What is (-42418 - -42347) + 1 + -2 + 19?
-53
What is the value of 234 + -232 - (1 + (3 - (-3 + 99)))?
94
(22 + (-20 - 29) - (2 - 50)) + (0 - 10)
11
What is -17 + (8 - -15) - -2?
8
Evaluate (8 - 13) + -3 + (60 + -4 - (-2 + 2)).
48
-116 - (38 + (-150 - -85))
-89
Evaluate 9 + (25 + -24 + 7 - -4).
21
What is (-35 - 5) + (87 - 57) - ((77 - -2) + 0)?
-89
Evaluate 41 + (39 - (44 - -53)) + (-1 + 0 - 7).
-25
What is 5 + -18 + (11 - (30 + -12 - 9)) - 21?
-32
What is -24 + 10 + 23 - (-1 + 1 + -12 + -42)?
63
What is the value of (8 - 5) + -3 + -23 + 10 + -13?
-26
Calculate (-1 - -6) + -273 + 256 + (-58 - 5).
-75
Evaluate 11 + 5 - (-101 + 126).
-9
What is 12 + -2 + (1264 - 1247)?
27
Evaluate -54 + (24 - 14) + -28.
-72
What is 10 - 46 - (-4 + -29) - (-2 - (-1 - -17))?
15
Calculate 67 - -2 - (6 - -15 - (6 - 0 - -4)).
58
Calculate -46 + (4 + -6 + -3 + 5 - 1 - -3).
-44
What is the value of 24 - (-107 - -143) - (-1 + 8)?
-19
What is (4 - 0) + -9 + 13 + -16 + 17?
9
Evaluate (-7 - 3) + -30 + -23 + 19.
-44
-52 + (49 - (-195 - -108))
84
What is the value of (-69 - (-19 + (-21 - -9))) + -49?
-87
What is the value of -4 + (3 - 8 - (33 - 37))?
-5
Calculate 14 + (85 - -4) + -71.
32
Evaluate -74 - (-30 + -2 + 33).
-75
What is -36 + -9 - -12 - -34?
1
Evaluate 10516 + -10585 + (2 - -100).
33
Evaluate 11 + -87 + 60 + -18.
-34
Calculate 1 + 55 + (-186 - (158 + -318)).
30
What is -44 + (-57 - (-244 + 146))?
-3
What is the value of -82 + 0 - 8 - -8?
-82
Evaluate 51 - ((36 - 70) + 112).
-27
What is 0 + (425 - 524) + (-4 - -1 - 2)?
-104
What is the value of (20 - 4 - (31 - -29 - 52)) + 3 + -3?
8
Evaluate (1 - -2 - (-91 + 90)) + -9 - -8.
3
Calculate -15 + (18 + -4 - (-296 - -292)).
3
What is (91 - 65) + (1 - 70)?
-43
What is (-52 - 11) + 104 + -73?
-32
What is (-19 - 1) + -17 + 4 + (33 - (27 + 1))?
-28
3 + -142 + 132 - -112
105
-2 + -109 + (13 + 1 - (210 - 195))
-112
Calculate -76 + (51 - -11) - 20.
-34
What is the value of (-49 - -162 - 112) + 102?
103
-599 + 605 - ((-3 + 0 - 0) + -4)
13
Calculate (19 - 20 - 4) + -8 + -41.
-54
Evaluate 38 + 0 + -4 - (6 + 3 + 1 + -5).
29
What is -70 - -31 - -29 - -48?
38
What is the value of 51 + (13 - (18 + (19 - 31)))?
58
What is (-3 + 18 - 2) + (6 - 21) - (32 - 2)?
-32
17 + (-45 - 30) - -56
-2
What is 168 + (-81 - (-55 + 61))?
81
What is (2 - (-39 - (-4 - (-8 - -11)))) + 3 - -1?
38
Evaluate (14 - (-37 - -41)) + 0 + (53 - (7 - 1)).
57
What is (-124 - -45 - -26) + 70?
17
(8 - 8) + -15 + -5 + 19 + -7 + 25
17
Calculate 965 + -935 + (1 + -2 - 14).
15
5053 - 5073 - (-1 - -2 - 22)
1
Evaluate (113 - 134) + (4 - 1 - -43).
25
What is the value of 2 + 32 - (2 - (7 + 8 + 9 + -15))?
41
What is the value of (-7 + 7 - (3 + -34)) + 58 + -28 + -44?
17
-64 + (57 - 98) + 59
-46
What is (654 - 795) + -1 + 181?
39
What is the value of 105 + 300 - 407 - (-1 - 27 - 1)?
27
What is 9 + -37 - 109 - -76?
-61
116 - (117 - (9 - -47))
55
-107 - ((13 - 40 - -12) + (-3 - -11))
-100
Evaluate -7 + (13 + -14 - (5 - 8)).
-5
What is (60 - -8) + (-5 - (-7 + 20))?
50
Calculate (-14 - (-30 + -37)) + -30 - (5 - -15).
3
Evaluate -3 + (15 - -36) - (1 - (-2 + 3)) - 6.
42
Calculate (10 + -6 - (12 - (2 + -1))) + -65.
-72
Evaluate (43 - 1) + 2 - (-1845 - -1851).
38
What is (-6 - -13 - 10) + 434 + -434?
-3
Calculate 6 - 6 - -6 - ((14 - (-20 + 59)) + 21).
10
Evaluate (9 - 67) + -142 + 115.
-85
Evaluate 89 + (-33 - 91) + 134.
99
Evaluate 683 + -663 + (5 - -1 - ((1 - 4) + 1)).
28
Evaluate -3 + 48 + 145 + -152 + 59.
97
5368 - 5495 - (1 + -39)
-89
25 - 9 - ((110 - (-18 + 7)) + 15)
-120
Evaluate 2 - ((16 - 133) + -5).
124
(10 + -6 - -9) + -10 + (-12 - -5 - -7)
3
Evaluate (-17 - -74) + -16 - (-7 + 19 + -10).
39
What is 2 + -69 - (15 - 15 - -12 - 27)?
-52
What is -38 + 31 + -45 + 66?
14
-18 + (-31 - (-38 + -29))
18
Evaluate (-68 - 25) + 87 + -59 + 2.
-63
Evaluate -86 + 29 + 31 + -26 + -10.
-62
Calculate -10 + (-29 - (15 - 44)).
-10
What is (1380 - 1400) + (2 - 18)?
-36
What is the value of 3 + -2 + (14 - 1 - (-20 + 13))?
21
Evaluate 62 + (18 + -43 - -34 - -4).
75
What is the value of (-1 + -29 - 0) + 4 - (-89 - -90)?
-27
What is the value of -46 - (-13 - 7 - 1 - -24)?
-49
-130 - (-7 - 112) - ((-2 - 12) + -2) - -110
115
What is the value of 3 + -15 + -6 + 0 + 1 + 0?
-17
Evaluate (28 - -7) + (-55 - (93 - 172)).
59
(1 - -67) + (6556 - 6557)
67
Calculate (-5 + 6 - 1 - -6) + (-1 - 3).
2
(57 - -1) + (-2494 - -2411)
-25
What is the value of -1 - 5 - (-14 - (0 + -10) - -8)?
-10
Evaluate 89 - (-35 - (8 + -50)).
82
What is -215 - (6 + -62 - 84)?
-75
What is -3 + 1 + (-50 - -8 - -93) - -10?
59
Calculate (-1 - 1) + -10 + 12585 + -12599.
-26
What is (115 - 46) + -43 - -33?
59
3 - ((-53 - -34) + 0)
22
What is -5 + 157 + -154 + (9 - -3) + -2 - 107?
-99
Calculate -1 + 0 + -1 - (-8851 + 8849).
0
Evaluate -18 + 0 + 0 - (2261 + -2258).
-21
What is the value of -13 + 75 - (-9 + 9 - -8) - 12?
42
Evaluate 21 - (-11 + (8 - 3) + -19).
46
What is the value of 70 + (-13 - -3) - -2 - (-13 - (-31 + 23))?
67
What is the value of -80 - (55 - (14 + 62 + -37))?
-96
What is -29 - (-26 + (5 - 3)) - (2 + -18)?
11
Evaluate (-10 - ((-3 - -6) + 1)) + 11 + -7 + 92.
82
What is (-11 - (-14 - -34) - -12) + 36 - (11 + -1)?
7
What is (-7 - (-80 + 8 + -1 - -9)) + -6 + 2?
53
What is 12 + -1 - (-22 + 5 + 19 - (-25 - -2))?
-14
What is the value of 1 + 14 + (-66 - -5) + 14?
-32
What is the value of 7 + 10 - (-39 + 18 + 63)?
-25
What is (2 - 1) + -44 + (642 - 638)?
-39
Calculate (-16 - 0 - 0) + -7 + 8 + -52.
-67
(-9 - (-36 - -24) - 7) + 65
61
Calculate -3 + (728 - 710 - (1 + 1 + -4)).
17
(36 + -99 + -22 - -16) + -16
-85
-2 + 18 - (-51 - ((25 - 86) + 23))
29
Calculate (20 - 8) + (-1 - -6) - (-262 + 263).
16
Calculate -49 - (-63 + (-64 - -12)).
66
(-131 + 262 - 117) + (2 - 1) + -36
-21
Calculate 4 - 2 - 9 - (-7 + (-4 - -3) + 2).
-1
Calculate -62 - (-31 + (62 - 16)).
-77
Evaluate (26 + (-9 - 2) - 9) + (-13 - -2 - 70).
-75
What is -3 + (-32 - ((-4 - -4) + -11) - 11)?
-35
(146 - 141) + -35 + 3
-27
What is the value of -3 - ((235 - 223) + 2 + -6 + -1 + -98)?
88
What is (-4 + 19 + 11 - 23) + 6?
9
Calculate 33 + (-24 - 4) - (-2 + 0 - 3) - 57.
-47
What is -49 - (5 - (136 + -36))?
46
Calculate (-17 - 3 - 11 - -9) + 102 + -8.
72
16 + -18 + 10 - 36 - -27
-1
What is 11 + -43 + 28 + 1 + (62 - 0)?
59
Evaluate 8 + (29 - -43) + -30.
50
(-4 - 5 - 17) + 44 - (1 - 7)
24
-1 - (6 + -5) - (175 + -172) - -49
44
What is the value of (36 - 1) + -19 + (3 - -27) + -25 + 18?
39
Calculate 49 - -3 - (2818 + -2748).
-18
Evaluate -11 + -30 + 28 + -32.
-45
What is the value of -85 - 1 - (5 - (4 + -8) - 13)?
-82
What is (-3 + 5 - -8) + (13 + -67 + 0 - -13)?
-31
Evaluate 152 + -84 + -58 + 0 + -70.
-60
Calculate -108 + 2 + -6309 + 6343.
-72
1 + -2 + (299 - 288) - -5
15
-66 + 42 - -42 - -4
22
Calculate -3 + 5 + -5 + 9 + (-82 - -31).
-45
What is -6 - 2 - (-535 + 490)?
37
What is (-7 - -20 - 9) + -4 - (0 - (-90 + 13))?
-77
Calculate (10 - -73 - (22 - 16)) + 25.
102
What is the value of -6 - -3 - ((6 + -5 - 0) + -5)?
1
Calculate (-6115 - -6053) + (117 - 1).
54
What is the value of (7 - (-32 + 11)) + -49 + -49?
-70
Evaluate 1032 + -1081 + 15 + 3.
-31
What is the value of (-2 - (-7 + 10)) + -1 + -2 - (